    {"id":108,"date":"2023-12-16T03:19:47","date_gmt":"2023-12-16T03:19:47","guid":{"rendered":"https:\/\/breakingnewsfront.com\/?page_id=108"},"modified":"2025-11-24T18:45:13","modified_gmt":"2025-11-24T18:45:13","slug":"contacto","status":"publish","type":"page","link":"https:\/\/breakingnewsfront.com\/es_d\/contacto\/","title":{"rendered":"Contacto"},"content":{"rendered":"<p>Gracias por visitar BreakingNewsFront, tu fuente favorita de sabidur\u00eda sobre la crianza. Agradecemos tus preguntas, comentarios y solicitudes. No dudes en ponerte en contacto con nosotros utilizando los siguientes datos de contacto, dependiendo de tus necesidades espec\u00edficas:<\/p>\n\n\n\n<h3 class=\"wp-block-heading\">Preguntas generales:<\/h3>\n\n\n\n<p>Para preguntas generales o informaci\u00f3n sobre BreakingNewsFront, cont\u00e1ctanos en contato@breakingnewsfront.com. Agradecemos tu atenci\u00f3n y haremos nuestro mejor esfuerzo para responder lo m\u00e1s r\u00e1pido posible.<\/p>\n\n\n\n<h3 class=\"wp-block-heading\">Asuntos sustanciales:<\/h3>\n\n\n\n<p>Si tienes preguntas sobre nuestro contenido o deseas contribuir, por favor cont\u00e1ctanos en contato@breakingnewsfront.com. Valoramos tus opiniones y contribuciones a la comunidad.<\/p>\n\n\n\n<h3 class=\"wp-block-heading\">Asistencia T\u00e9cnica:<\/h3>\n\n\n\n<p>Si experimenta problemas t\u00e9cnicos mientras navega por nuestro sitio web, contacte a nuestro equipo de soporte en contato@breakingnewsfront.com. Estamos aqu\u00ed para ayudarte y asegurar una experiencia en l\u00ednea fluida.<\/p>\n\n\n\n<h3 class=\"wp-block-heading\">Visitantes:<\/h3>\n\n\n\n<p>BreakingNewsFront es un espacio virtual, pero tu participaci\u00f3n y comentarios lo convierten en una comunidad vibrante. Aunque no tenemos una ubicaci\u00f3n f\u00edsica para visitar, siempre estamos en l\u00ednea para ti.<\/p>\n\n\n\n<p>Gracias por ser parte de la comunidad de BreakingNewsFront. Esperamos saber de ti y seguir apoy\u00e1ndote en tu viaje de crianza.<\/p>\n\n\n\n<p>Saludos,<br>Equipo de BreakingNewsFront<\/p>","protected":false},"excerpt":{"rendered":"<p>Gracias por visitar BreakingNewsFront, tu fuente favorita de sabidur\u00eda sobre la crianza. Agradecemos tus preguntas, comentarios y solicitudes. No dudes en ponerte en contacto con nosotros utilizando los siguientes datos de contacto, dependiendo de tus necesidades espec\u00edficas: Preguntas Generales: Para preguntas generales o informaci\u00f3n sobre BreakingNewsFront, cont\u00e1ctanos en contato@breakingnewsfront.com. Agradecemos tu atenci\u00f3n y haremos nuestro [\u2026]<\/p>","protected":false},"author":76,"featured_media":0,"parent":0,"menu_order":0,"comment_status":"closed","ping_status":"closed","template":"","meta":{"footnotes":""},"yoast_head":"<!-- This site is optimized with the Yoast SEO Premium plugin v18.7 (Yoast SEO v23.3) - https:\/\/yoast.com\/wordpress\/plugins\/seo\/ -->\n<title>Contacto - breakingnewsfront<\/title>\n<meta name=\"robots\" content=\"index, follow, max-snippet:-1, max-image-preview:large, max-video-preview:-1\" \/>\n<link rel=\"canonical\" href=\"https:\/\/breakingnewsfront.com\/es_d\/contacto\/\" \/>\n<meta property=\"og:locale\" content=\"es_ES\" \/>\n<meta property=\"og:type\" content=\"article\" \/>\n<meta property=\"og:title\" content=\"Contacto\" \/>\n<meta property=\"og:description\" content=\"Gracias por visitar BreakingNewsFront, tu fuente favorita de sabidur\u00eda sobre la crianza. Agradecemos tus preguntas, comentarios y solicitudes. No dudes en ponerte en contacto con nosotros utilizando los siguientes datos de contacto, dependiendo de tus necesidades espec\u00edficas: Preguntas Generales: Para preguntas generales o informaci\u00f3n sobre BreakingNewsFront, cont\u00e1ctanos en contato@breakingnewsfront.com. Agradecemos tu atenci\u00f3n y haremos nuestro [&hellip;]\" \/>\n<meta property=\"og:url\" content=\"https:\/\/breakingnewsfront.com\/es_d\/contacto\/\" \/>\n<meta property=\"og:site_name\" content=\"breakingnewsfront\" \/>\n<meta property=\"article:modified_time\" content=\"2025-11-24T18:45:13+00:00\" \/>\n<meta name=\"twitter:card\" content=\"summary_large_image\" \/>\n<meta name=\"twitter:label1\" content=\"Est. reading time\" \/>\n\t<meta name=\"twitter:data1\" content=\"1 minuto\" \/>\n<script type=\"application\/ld+json\" class=\"yoast-schema-graph\">{\"@context\":\"https:\/\/schema.org\",\"@graph\":[{\"@type\":\"WebPage\",\"@id\":\"http:\/\/breakingnewsfront.com\/contacto\/\",\"url\":\"http:\/\/breakingnewsfront.com\/contacto\/\",\"name\":\"Contacto - breakingnewsfront\",\"isPartOf\":{\"@id\":\"https:\/\/breakingnewsfront.com\/#website\"},\"datePublished\":\"2023-12-16T03:19:47+00:00\",\"dateModified\":\"2025-11-24T18:45:13+00:00\",\"breadcrumb\":{\"@id\":\"http:\/\/breakingnewsfront.com\/contacto\/#breadcrumb\"},\"inLanguage\":\"es\",\"potentialAction\":[{\"@type\":\"ReadAction\",\"target\":[\"http:\/\/breakingnewsfront.com\/contacto\/\"]}]},{\"@type\":\"BreadcrumbList\",\"@id\":\"http:\/\/breakingnewsfront.com\/contacto\/#breadcrumb\",\"itemListElement\":[{\"@type\":\"ListItem\",\"position\":1,\"name\":\"Home\",\"item\":\"https:\/\/breakingnewsfront.com\/\"},{\"@type\":\"ListItem\",\"position\":2,\"name\":\"Contacto\"}]},{\"@type\":\"WebSite\",\"@id\":\"https:\/\/breakingnewsfront.com\/#website\",\"url\":\"https:\/\/breakingnewsfront.com\/\",\"name\":\"breakingnewsfront\",\"description\":\"\",\"publisher\":{\"@id\":\"https:\/\/breakingnewsfront.com\/#organization\"},\"potentialAction\":[{\"@type\":\"SearchAction\",\"target\":{\"@type\":\"EntryPoint\",\"urlTemplate\":\"https:\/\/breakingnewsfront.com\/?s={search_term_string}\"},\"query-input\":\"required name=search_term_string\"}],\"inLanguage\":\"es\"},{\"@type\":\"Organization\",\"@id\":\"https:\/\/breakingnewsfront.com\/#organization\",\"name\":\"breakingnewsfront\",\"url\":\"https:\/\/breakingnewsfront.com\/\",\"logo\":{\"@type\":\"ImageObject\",\"inLanguage\":\"es\",\"@id\":\"https:\/\/breakingnewsfront.com\/#\/schema\/logo\/image\/\",\"url\":\"https:\/\/breakingnewsfront.com\/wp-content\/uploads\/sites\/98\/2024\/05\/cropped-cropped-BREAKING-NEWS-FRONT-1-2.png\",\"contentUrl\":\"https:\/\/breakingnewsfront.com\/wp-content\/uploads\/sites\/98\/2024\/05\/cropped-cropped-BREAKING-NEWS-FRONT-1-2.png\",\"width\":512,\"height\":512,\"caption\":\"breakingnewsfront\"},\"image\":{\"@id\":\"https:\/\/breakingnewsfront.com\/#\/schema\/logo\/image\/\"}}]}<\/script>\n<!-- \/ Yoast SEO Premium plugin. -->","yoast_head_json":{"title":"Contacto - breakingnewsfront","robots":{"index":"index","follow":"follow","max-snippet":"max-snippet:-1","max-image-preview":"max-image-preview:large","max-video-preview":"max-video-preview:-1"},"canonical":"https:\/\/breakingnewsfront.com\/es_d\/contacto\/","og_locale":"es_ES","og_type":"article","og_title":"Contacto","og_description":"Gracias por visitar BreakingNewsFront, tu fuente favorita de sabidur\u00eda sobre la crianza. Agradecemos tus preguntas, comentarios y solicitudes. No dudes en ponerte en contacto con nosotros utilizando los siguientes datos de contacto, dependiendo de tus necesidades espec\u00edficas: Preguntas Generales: Para preguntas generales o informaci\u00f3n sobre BreakingNewsFront, cont\u00e1ctanos en contato@breakingnewsfront.com. Agradecemos tu atenci\u00f3n y haremos nuestro [&hellip;]","og_url":"https:\/\/breakingnewsfront.com\/es_d\/contacto\/","og_site_name":"breakingnewsfront","article_modified_time":"2025-11-24T18:45:13+00:00","twitter_card":"summary_large_image","twitter_misc":{"Est. reading time":"1 minuto"},"schema":{"@context":"https:\/\/schema.org","@graph":[{"@type":"WebPage","@id":"http:\/\/breakingnewsfront.com\/contacto\/","url":"http:\/\/breakingnewsfront.com\/contacto\/","name":"Contacto - breakingnewsfront","isPartOf":{"@id":"https:\/\/breakingnewsfront.com\/#website"},"datePublished":"2023-12-16T03:19:47+00:00","dateModified":"2025-11-24T18:45:13+00:00","breadcrumb":{"@id":"http:\/\/breakingnewsfront.com\/contacto\/#breadcrumb"},"inLanguage":"es","potentialAction":[{"@type":"ReadAction","target":["http:\/\/breakingnewsfront.com\/contacto\/"]}]},{"@type":"BreadcrumbList","@id":"http:\/\/breakingnewsfront.com\/contacto\/#breadcrumb","itemListElement":[{"@type":"ListItem","position":1,"name":"Home","item":"https:\/\/breakingnewsfront.com\/"},{"@type":"ListItem","position":2,"name":"Contacto"}]},{"@type":"WebSite","@id":"https:\/\/breakingnewsfront.com\/#website","url":"https:\/\/breakingnewsfront.com\/","name":"breakingnewsfront","description":"","publisher":{"@id":"https:\/\/breakingnewsfront.com\/#organization"},"potentialAction":[{"@type":"SearchAction","target":{"@type":"EntryPoint","urlTemplate":"https:\/\/breakingnewsfront.com\/?s={search_term_string}"},"query-input":"required name=search_term_string"}],"inLanguage":"es"},{"@type":"Organization","@id":"https:\/\/breakingnewsfront.com\/#organization","name":"breakingnewsfront","url":"https:\/\/breakingnewsfront.com\/","logo":{"@type":"ImageObject","inLanguage":"es","@id":"https:\/\/breakingnewsfront.com\/#\/schema\/logo\/image\/","url":"https:\/\/breakingnewsfront.com\/wp-content\/uploads\/sites\/98\/2024\/05\/cropped-cropped-BREAKING-NEWS-FRONT-1-2.png","contentUrl":"https:\/\/breakingnewsfront.com\/wp-content\/uploads\/sites\/98\/2024\/05\/cropped-cropped-BREAKING-NEWS-FRONT-1-2.png","width":512,"height":512,"caption":"breakingnewsfront"},"image":{"@id":"https:\/\/breakingnewsfront.com\/#\/schema\/logo\/image\/"}}]}},"_links":{"self":[{"href":"https:\/\/breakingnewsfront.com\/es_d\/wp-json\/wp\/v2\/pages\/108"}],"collection":[{"href":"https:\/\/breakingnewsfront.com\/es_d\/wp-json\/wp\/v2\/pages"}],"about":[{"href":"https:\/\/breakingnewsfront.com\/es_d\/wp-json\/wp\/v2\/types\/page"}],"author":[{"embeddable":true,"href":"https:\/\/breakingnewsfront.com\/es_d\/wp-json\/wp\/v2\/users\/76"}],"replies":[{"embeddable":true,"href":"https:\/\/breakingnewsfront.com\/es_d\/wp-json\/wp\/v2\/comments?post=108"}],"version-history":[{"count":3,"href":"https:\/\/breakingnewsfront.com\/es_d\/wp-json\/wp\/v2\/pages\/108\/revisions"}],"predecessor-version":[{"id":3625,"href":"https:\/\/breakingnewsfront.com\/es_d\/wp-json\/wp\/v2\/pages\/108\/revisions\/3625"}],"wp:attachment":[{"href":"https:\/\/breakingnewsfront.com\/es_d\/wp-json\/wp\/v2\/media?parent=108"}],"curies":[{"name":"wp","href":"https:\/\/api.w.org\/{rel}","templated":true}]}}